ommon divisor of 9 and 28929?
3
What is the highest common divisor of 241932 and 24?
12
What is the greatest common factor of 16 and 17224?
8
What is the highest common factor of 13743 and 324?
27
Calculate the highest common divisor of 2457 and 75075.
273
Calculate the highest common factor of 1452 and 352.
44
What is the greatest common factor of 880 and 640?
80
Calculate the highest common divisor of 14994 and 90.
18
What is the highest common factor of 45254 and 1870?
374
Calculate the highest common divisor of 2556 and 782988.
852
What is the greatest common factor of 304280 and 80?
40
What is the greatest common divisor of 1705 and 611165?
155
What is the greatest common divisor of 33329 and 32?
1
Calculate the highest common divisor of 574 and 952.
14
What is the greatest common divisor of 91538 and 2590?
74
Calculate the greatest common divisor of 4 and 197596.
4
Calculate the greatest common factor of 22 and 49709.
11
What is the greatest common factor of 1870 and 913?
11
What is the highest common divisor of 7112175 and 105?
105
What is the greatest common divisor of 153 and 753015?
51
What is the highest common factor of 3367 and 923?
13
Calculate the highest common divisor of 7218703 and 157.
157
Calculate the greatest common factor of 57345 and 30.
15
Calculate the highest common factor of 486 and 4590.
54
Calculate the greatest common divisor of 1645 and 32665.
235
What is the greatest common divisor of 127 and 223?
1
What is the greatest common factor of 14 and 3122?
14
What is the greatest common factor of 4970 and 70?
70
What is the greatest common factor of 29784 and 25908?
204
Calculate the highest common factor of 335 and 427661.
67
What is the greatest common factor of 8477 and 4018?
49
Calculate the highest common factor of 1854 and 414.
18
Calculate the greatest common divisor of 35 and 7145.
5
What is the greatest common factor of 1232656 and 32?
16
Calculate the highest common divisor of 2009 and 59.
1
What is the highest common divisor of 229983 and 104?
13
What is the highest common factor of 736 and 108744?
184
Calculate the highest common divisor of 238 and 113407.
119
Calculate the highest common factor of 150106 and 22.
22
What is the greatest common divisor of 16 and 49464?
8
What is the highest common divisor of 20 and 68155?
5
What is the greatest common factor of 12891165 and 35?
35
Calculate the greatest common factor of 328824 and 144.
72
What is the highest common divisor of 11560 and 5491?
289
What is the highest common divisor of 140 and 586120?
20
What is the highest common factor of 26 and 2668679?
13
What is the highest common divisor of 1665 and 8955?
45
What is the highest common divisor of 1076955 and 55?
55
Calculate the greatest common divisor of 1785211 and 58.
29
Calculate the greatest common factor of 7504 and 25795.
469
Calculate the greatest common factor of 38649 and 78.
39
Calculate the greatest common factor of 44 and 416570.
22
Calculate the greatest common divisor of 14620 and 9503.
731
What is the greatest common divisor of 7398 and 37127?
137
What is the highest common factor of 703 and 56647?
37
Calculate the highest common factor of 40304 and 66.
22
Calculate the highest common factor of 46 and 380719.
23
Calculate the greatest common divisor of 6 and 1399404.
6
What is the greatest common factor of 8026090 and 20?
10
Calculate the highest common divisor of 8137 and 2472.
103
Calculate the greatest common divisor of 693 and 5071.
11
Calculate the highest common divisor of 343 and 351967.
49
Calculate the greatest common factor of 74 and 117549.
37
Calculate the greatest common factor of 8898987 and 3.
3
What is the greatest common factor of 120 and 101940?
60
What is the highest common factor of 398 and 3328474?
398
Calculate the greatest common factor of 1308 and 108.
12
What is the greatest common divisor of 169 and 32812?
13
Calculate the greatest common divisor of 2840 and 15320.
40
What is the highest common factor of 493 and 444077?
29
What is the highest common factor of 275 and 104390?
55
Calculate the greatest common factor of 9275 and 159.
53
Calculate the highest common factor of 4692 and 1156.
68
What is the greatest common factor of 15012 and 10564?
556
Calculate the highest common divisor of 121748 and 44.
44
What is the greatest common factor of 434120 and 72?
8
What is the greatest common divisor of 63546 and 306?
102
Calculate the greatest common factor of 959520 and 60.
60
What is the highest common divisor of 167700 and 15?
15
What is the highest common factor of 2364375 and 125?
125
What is the highest common divisor of 25 and 47155?
5
What is the greatest common factor of 538403 and 3268?
817
What is the greatest common factor of 322330 and 50?
10
What is the highest common factor of 152720 and 183080?
920
Calculate the greatest common divisor of 23430 and 930.
30
Calculate the greatest common factor of 4684 and 24.
4
Calculate the greatest common divisor of 215764 and 20672.
1292
What is the greatest common factor of 29822 and 31?
31
Calculate the highest common factor of 11640960 and 1504.
1504
Calculate the highest common factor of 88837 and 777.
259
Calculate the highest common divisor of 37 and 419173.
37
What is the highest common factor of 3206970 and 260?
130
What is the highest common divisor of 1 and 1161883?
1
Calculate the highest common divisor of 45266 and 26.
26
What is the greatest common factor of 17 and 40613?
17
What is the highest common factor of 58 and 47734?
58
What is the highest common divisor of 36 and 5823?
9
Calculate the highest common factor of 46902 and 3.
3
What is the greatest common divisor of 145 and 2015935?
145
Calculate the highest common factor of 407 and 170533.
407
Calculate the greatest common divisor of 15 and 741795.
15
Calculate the highest common divisor of 7568561 and 1001.
1001
What is the greatest common factor of 24 and 102744?
24
What is the highest common divisor of 217445 and 11357?
277
What is the greatest common factor of 10792 and 1207?
71
Calculate the highest common divisor of 780171 and 84.
21
Calculate the highest common divisor of 538461 and 3996.
999
Calculate the highest common factor of 3754395 and 45.
45
Calculate the highest common factor of 5621 and 147301.
77
What is the highest common divisor of 143250 and 2500?
250
Calculate the greatest common divisor of 293220 and 70.
10
Calculate the highest common factor of 189906 and 744.
186
Calculate the highest common divisor of 1407 and 196.
7
Calculate the highest common divisor of 2097 and 45.
9
Calculate the greatest common factor of 102 and 218110.
34
What is the greatest common divisor of 567 and 1236060?
567
Calculate the highest common factor of 1261 and 1417.
13
Calculate the highest common divisor of 1149150 and 15.
15
Calculate the highest common divisor of 30 and 86514.
6
What is the highest common divisor of 2898 and 1274?
14
What is the greatest common divisor of 12423 and 369?
123
Calculate the highest common factor of 19496 and 8.
8
Calculate the highest common divisor of 55650 and 2.
2
What is the greatest common divisor of 21063377 and 23?
23
What is the highest common divisor of 1202289 and 33?
33
What is the greatest common divisor of 143 and 1749?
11
What is the highest common factor of 1044 and 8892?
36
What is the highest common factor of 459 and 48603?
51
What is the highest common factor of 176366 and 2282?
326
What is the highest common factor of 5463104 and 448?
64
Calculate the highest common divisor of 358 and 2867938.
358
Calculate the highest common factor of 5412 and 19188.
492
Calculate the greatest common factor of 41783 and 5.
1
What is the highest common factor of 305 and 69235?
305
Calculate the highest common divisor of 9333 and 146268.
153
Calculate the highest common factor of 25 and 765295.
5
Calculate the greatest common factor of 174196 and 26108.
428
What is the greatest common divisor of 53816 and 56?
56
Calculate the highest common divisor of 109 and 64.
1
What is the highest common divisor of 176 and 10?
2
Calculate the highest common divisor of 2860 and 1495.
65
What is the greatest common divisor of 36 and 3096?
36
Calculate the greatest common factor of 705 and 19925.
5
Calculate the highest common